te the highest common factor of 3185 and 32645515.
245
What is the greatest common factor of 2 and 300185?
1
What is the greatest common factor of 45 and 3887748?
9
What is the highest common divisor of 11016 and 935604?
108
What is the greatest common factor of 310 and 2131370?
10
What is the greatest common divisor of 5312 and 46210084?
332
Calculate the highest common divisor of 104296098 and 138.
6
Calculate the highest common factor of 30528 and 1454532.
636
Calculate the greatest common divisor of 163581 and 8811.
33
Calculate the highest common factor of 196890 and 34530.
30
What is the greatest common factor of 3605 and 8220?
5
What is the highest common divisor of 12069651 and 44?
11
What is the greatest common divisor of 16248164 and 428?
428
What is the highest common factor of 6963 and 428541?
633
What is the highest common factor of 1376484 and 11576724?
5484
Calculate the highest common divisor of 155379 and 254737.
1057
What is the greatest common factor of 354825 and 245385?
855
Calculate the highest common divisor of 1393 and 280917.
7
Calculate the greatest common factor of 750 and 7212990.
30
Calculate the highest common divisor of 59653 and 6749.
17
Calculate the greatest common divisor of 2510440 and 1240.
40
What is the greatest common factor of 291 and 97228823?
97
What is the highest common factor of 58956469 and 2767?
2767
Calculate the highest common factor of 3494311 and 52212.
229
What is the greatest common factor of 602373 and 351132?
3027
Calculate the greatest common divisor of 98142208 and 85808.
2768
What is the greatest common divisor of 59771168 and 32?
32
Calculate the greatest common factor of 2485653 and 1506.
753
Calculate the greatest common divisor of 46 and 101936391.
23
Calculate the greatest common divisor of 12552358 and 1768.
442
What is the highest common divisor of 1934 and 193382594?
1934
Calculate the highest common factor of 21809 and 521721.
113
What is the greatest common divisor of 6668310 and 18?
6
Calculate the highest common factor of 160 and 47083168.
32
Calculate the greatest common factor of 124346 and 562705.
787
Calculate the greatest common divisor of 124 and 64364308.
124
What is the highest common divisor of 156963141 and 3322?
151
Calculate the greatest common factor of 4040 and 1190555.
5
Calculate the highest common divisor of 8692 and 152397.
41
Calculate the greatest common divisor of 9178573 and 217.
31
Calculate the highest common factor of 9336952 and 992.
248
Calculate the greatest common factor of 468 and 11426796.
36
What is the highest common factor of 12407843 and 155?
31
What is the highest common divisor of 386275056 and 48?
48
What is the highest common factor of 3425040 and 15544?
536
What is the highest common divisor of 222 and 2484972?
6
What is the greatest common divisor of 3075 and 277503375?
3075
Calculate the highest common divisor of 4850729 and 3055.
611
Calculate the greatest common divisor of 23900724 and 60.
12
What is the greatest common divisor of 54 and 76473?
9
Calculate the greatest common divisor of 229348 and 32788.
28
What is the highest common factor of 961008 and 23568?
48
Calculate the greatest common factor of 57510 and 7793670.
2130
What is the greatest common divisor of 30472920 and 705?
705
Calculate the highest common factor of 5757786 and 63.
9
What is the highest common divisor of 241995 and 109525?
65
What is the greatest common divisor of 928 and 175247232?
928
Calculate the highest common factor of 509694 and 93993.
969
Calculate the highest common factor of 580802 and 2086.
298
What is the highest common divisor of 112128 and 313608?
1752
What is the greatest common divisor of 1094140701 and 997?
997
What is the highest common factor of 912 and 7987638?
114
What is the highest common factor of 45720216 and 72?
72
What is the greatest common divisor of 22001 and 1302077?
49
What is the greatest common factor of 56744 and 7688?
8
Calculate the highest common factor of 284 and 16723127.
71
What is the highest common factor of 299 and 22578847?
23
Calculate the highest common divisor of 1834 and 58196750.
262
Calculate the highest common divisor of 771152184 and 2596.
2596
Calculate the highest common factor of 631290 and 48510.
330
Calculate the highest common divisor of 17760 and 32573320.
1480
Calculate the greatest common divisor of 131244272 and 16.
16
Calculate the greatest common factor of 3424 and 301088.
32
Calculate the greatest common factor of 261348 and 2403636.
348
Calculate the highest common divisor of 14905962 and 72.
18
What is the greatest common divisor of 80 and 63621296?
16
What is the highest common divisor of 483226 and 469614?
6806
What is the highest common divisor of 1531827 and 132?
33
Calculate the highest common divisor of 60774948 and 27.
27
Calculate the greatest common divisor of 60367 and 595697.
1139
What is the greatest common factor of 740106 and 5094?
18
What is the greatest common divisor of 236760521 and 74?
37
What is the highest common factor of 1740 and 317525640?
1740
What is the greatest common factor of 4 and 6639601?
1
Calculate the greatest common factor of 51134 and 11724197.
691
What is the greatest common factor of 174 and 850818?
6
What is the greatest common divisor of 721 and 78715?
7
What is the highest common divisor of 441042 and 87297?
21
Calculate the greatest common factor of 11151 and 52080126.
1239
What is the highest common factor of 5531604 and 118?
118
Calculate the greatest common factor of 2596 and 7213576.
236
What is the highest common factor of 113814477 and 189?
189
What is the highest common divisor of 972 and 501372?
36
What is the greatest common divisor of 3 and 10188834?
3
What is the highest common factor of 2356400 and 173168?
2192
What is the highest common factor of 163900230 and 390?
390
Calculate the highest common factor of 1428 and 12285798.
714
What is the highest common factor of 33 and 379431569?
11
Calculate the highest common factor of 36941188 and 60044.
3532
Calculate the highest common factor of 1159016576 and 640.
128
Calculate the greatest common divisor of 1600592625 and 225.
225
Calculate the highest common factor of 72552 and 1132.
4
What is the highest common divisor of 189508756 and 353?
353
What is the greatest common divisor of 7625002 and 1675?
67
Calculate the highest common factor of 1923 and 214554.
3
What is the greatest common factor of 71740 and 5701220?
4220
Calculate the greatest common divisor of 40832 and 141328.
176
Calculate the highest common factor of 1037565 and 7695.
45
What is the highest common factor of 260648448 and 7680?
1536
Calculate the greatest common factor of 3953217 and 282486.
1587
Calculate the greatest common factor of 78221 and 19123.
13
What is the highest common factor of 85479 and 15?
3
Calculate the highest common divisor of 56650 and 1862300.
550
Calculate the highest common divisor of 13263318 and 55637.
1357
Calculate the greatest common divisor of 32275439 and 7.
7
Calculate the highest common divisor of 83 and 84684651.
83
What is the highest common factor of 1965 and 44509215?
1965
Calculate the greatest common factor of 2026247 and 170.
17
What is the highest common factor of 136583968 and 3392?
1696
What is the greatest common divisor of 3978 and 170629?
17
What is the greatest common factor of 5304 and 170742?
78
Calculate the highest common factor of 559 and 1124864.
13
What is the greatest common divisor of 350 and 78741?
1
What is the greatest common factor of 8361521 and 5754?
959
What is the highest common divisor of 263700 and 5068314?
5274
Calculate the greatest common divisor of 944691 and 2343.
33
Calculate the greatest common factor of 29282204 and 1568.
196
What is the highest common factor of 3364866 and 10218?
786
What is the highest common factor of 408 and 86010956?
68
Calculate the greatest common divisor of 608 and 2276576.
32
What is the highest common factor of 1955422 and 1?
1
What is the greatest common divisor of 1545187 and 252?
7
Calculate the highest common divisor of 121 and 24143559.
11
What is the highest common factor of 218575 and 1064148?
1249
What is the greatest common divisor of 778977582 and 3?
3
Calculate the greatest common divisor of 24625 and 2